o - -2)/1). Suppose q - 4*z - 30 = f, -z - 17 = -q - 2. Is q a composite number?
True
Let w be (-1)/(2/(-3764)) - -4. Suppose w = 4*a - 5*g, -3*a + 3*g + 1121 = -292. Is a prime?
False
Let w = 453 - -311. Suppose 4*k - w = -0*k. Is k composite?
False
Let q(x) = -x**3 - 4*x**2 + 16*x + 2. Is q(-11) a prime number?
True
Let j(w) = w**2 - w - 285. Let m be j(0). Suppose 308 = -2*p - 2*r, -2*r + 631 = -4*p - 9. Let d = p - m. Is d a composite number?
False
Let o be (-598)/(-4) - (-5)/10*1. Suppose 3*c + 4*m - 6 = 0, 3*c + 2*m = -2*c + 24. Is o/3 + -3 + c composite?
False
Let u = 290 - 127. Let r = u - -478. Is r composite?
False
Let n(a) = 4*a**2 - 1. Suppose 0*y + 2*y + 20 = 0. Let x = y + 12. Is n(x) prime?
False
Let l(u) = 14*u**2 + u - 9. Suppose 0 = -10*y + 7*y + 96. Suppose 4*p + y = 4*q, 2*p = -3*q + q. Is l(p) composite?
False
Let l be 24/84 - (-481)/7. Let f = -43 + l. Suppose 8 = 4*z, -287 + f = -w - z. Is w a composite number?
True
Let a = -3 + 8. Let r(k) = 26*k - 143. Let q be r(26). Suppose -a*w = t - 5*t + q, 2*t + 3*w - 239 = 0. Is t a prime number?
True
Suppose -30*j = -8*j - 155518. Is j a composite number?
False
Suppose -14*f = -410 - 1466. Suppose 7*c - 4*r = 2*c + 23, 4*c + 5*r = 2. Suppose -c*q = -2*q - f. Is q a composite number?
True
Let m be (-5)/5*1*12. Let c(t) = t**3 + 13*t**2 + 12*t - 1. Let b be c(m). Is (5 + -2)/b + 340 composite?
False
Let y = -2066 + 5829. Is y composite?
True
Suppose 0 = 5*u + 3*x - 15, 5*u = u - 3*x + 12. Let z be ((-4)/(-1) - u)*5. Suppose 0 = z*l - 195 + 20. Is l prime?
False
Let h be 3 + (2 - 1)*(-3 - -2). Suppose -4*j + 486 = -2*q - 96, 0 = -4*j - h*q + 562. Is j a prime number?
False
Suppose -2*z - 2*z + 14372 = -4*i, -5*z + 17955 = 5*i. Suppose 24*r - 16*r = z. Is r a prime number?
True
Suppose 0 = -2*w + 3*k + 8, 2*w + 5*k - 20 = -3*w. Suppose -118 = -5*m + w*m. Is m prime?
False
Let j be -1 + (-4)/(8/(-6)). Suppose -j*a + 4*n - 9 = -1, 5*n = -4*a + 23. Suppose o = a*o - 89. Is o a composite number?
False
Let l(b) = 23*b**2 - 11*b - 115. Is l(-14) a prime number?
True
Let w be (17 + -16)/((-1)/(-958)). Suppose 0 = 4*q - w + 250. Is q a composite number?
True
Suppose 5*q = -470 + 4065. Is q composite?
False
Suppose 2*o - 14700 = -4*o. Suppose 0 = -5*s + s - 3*p + o, 3*p = -3*s + 1836. Is s a prime number?
False
Let z(j) = -j + 12. Let r be z(9). Let l be 4*r/3*1. Suppose f + 218 = 4*a + 10, 0 = -l*a + 3*f + 216. Is a a composite number?
True
Is 4709 - (5/1 - 5) prime?
False
Suppose -2130 = -3*a + a. Suppose -4*y + 586 + 203 = 3*j, 4*j + y - a = 0. Is j composite?
True
Let f(w) = -307*w + 13. Let z be f(-8). Suppose 3*g = z + 444. Is g prime?
True
Let c(a) = 338*a + 16. Is c(35) a prime number?
False
Let g = -531 + 926. Is g composite?
True
Suppose -2197 = -20*q + 6183. Is q a prime number?
True
Let o be 23/(-8) - 2/16. Let b(r) = 10*r**2 - 5*r - 12. Is b(o) composite?
True
Let t = 1 + 1. Suppose 1 - 5 = c, -3*r + t*c = 271. Let v = r - -146. Is v prime?
True
Let d(l) = -2965*l - 55. Is d(-6) a composite number?
True
Suppose -3*c - n + 5 = 12, -18 = 4*c - 3*n. Let j be ((-20)/(-24))/(c/(-18)). Suppose v + 4*v - j*m - 805 = 0, -4*v + 646 = -3*m. Is v a composite number?
False
Suppose 4*q = -0*q + 16. Suppose -3*u = -18*u + 60. Is 11*u/q*5 a prime number?
False
Suppose -4*x - l + 17 = 0, 19 = 4*x + x - l. Let y(d) = 4 + 6 + 13*d - 7 - 9*d. Is y(x) a prime number?
True
Suppose -4*p + 5*r = -20 - 39, 4*r = -12. Let o(d) be the first derivative of 3*d**3 - 7*d**2 - 16*d - 2. Is o(p) prime?
True
Let o(c) = -399*c + 370. Is o(-31) prime?
True
Let i(n) = n**3 - 40*n**2 - 25*n - 33. Is i(46) composite?
True
Suppose -21781 = -7*z + 51390. Is z a prime number?
True
Suppose -4*q + 100 = -3*d, 0*q + 5*q - 3*d = 125. Suppose 3*v + 0*v = -u - 18, -q = 5*v. Is (-154)/u + (-5)/15 a composite number?
True
Suppose -44 = -5*t - 9. Let z(c) = -32*c - t*c - 14*c. Is z(-3) prime?
False
Let j be -1702 + (0 - -1) + -1. Let g = j - -2915. Is g/6 + (-6)/36 a prime number?
False
Suppose -2*a - 10622 = 5*d, -5*a - 44 = -d - 2163. Let h = -839 - d. Is h a prime number?
False
Let n = -39 - -40. Is ((-102)/(-18))/(n/36) - 3 prime?
False
Suppose 9*c - 1081 = 584. Is c prime?
False
Let o = 477 - -6863. Let k = -3579 + o. Is k composite?
False
Suppose -5*u + n = -0*n - 44, -2*u + 4*n = -14. Suppose 6*b - u*b = 0. Is 254 - 0 - (3 + b) prime?
True
Suppose -9 + 2 = -w. Is (-8 + w)/((-2)/466) a composite number?
False
Suppose -a + 96 = 5*w, 3*a - w - 3*w = 383. Is a a composite number?
True
Let b = 259 - -726. Is b a prime number?
False
Let i = 12584 - 7039. Is i a prime number?
False
Suppose -2*s + 4*z = -47010, 0 = -s - 4*s + 5*z + 117550. Is s a composite number?
True
Is -993*9/(-108)*52 a prime number?
False
Let f be (2 - -5) + 2*-1. Let o be 3/(9*f/41550). Suppose -4*k + 590 = -4*c + o, -5*k = c - 521. Is c composite?
False
Let k(y) = -y - 18. Let b be k(-25). Suppose 28342 + 9703 = b*l. Is l composite?
True
Suppose f + 38 = 565. Is f a prime number?
False
Let l(o) = o + 2. Let s be l(0). Suppose -s*d - 282 = -0*d. Is (d/(-4))/((-6)/(-16)) composite?
True
Suppose -1033 = b + 1177. Let f = -1561 - b. Is f prime?
False
Let o(w) = 25*w**2 + 6*w - 21. Let i be o(12). Suppose 6*g = 195 + i. Is g a prime number?
True
Is 183/(-122) + (3889/2)/1 a prime number?
False
Suppose 3*d + d = 0. Suppose -2*h + 520 = -d*h. Suppose -u = -x - h, 3*x + 661 = 5*u - 637. Is u prime?
False
Let f = -305 + 182. Let p = f - -532. Is p a composite number?
False
Suppose -10 = 5*w + 10, 0 = -u - 2*w + 789. Suppose 3*i - u = 472. Suppose -4*j + i = -j. Is j a composite number?
True
Suppose 5*i + 518 = -222. Let h = -89 - i. Is h a prime number?
True
Let w(g) = 486*g - 355. Is w(14) a composite number?
False
Let j(v) = -4*v**2 - 2*v - 1. Let p be j(-2). Let k(c) = -c**2 - 15*c - 9. Let o be k(p). Let y = o - -21. Is y composite?
True
Let c = -210 + 463. Is c composite?
True
Suppose -3*q + 13 = 3*f - 8, -f + 11 = 3*q. Suppose 3*h = -5*v + 1 + 14, f*h = -2*v + 25. Suppose v = w - 125 - 36. Is w a prime number?
False
Let h(w) = -w**3 - 27*w**2 + 30*w + 19. Is h(-37) prime?
False
Let a = -7 - -47. Let p = a + 154. Is p prime?
False
Suppose -3*p + 3200 = 2*p. Let c = 4011 - p. Is c a prime number?
True
Let i = 3108 - -4699. Is i a composite number?
True
Let a = 0 - -3. Let n = -111 + 109. Is (a - (-155)/n)*-2 prime?
True
Let v(c) = 2*c**3 + 11*c**2 + 7*c + 77. Is v(16) prime?
True
Let b be (-2)/1 + (-15)/(75/(-4390)). Let v = b - 403. Is v a prime number?
False
Let o = 9027 + 10802. Is o a composite number?
True
Let l be ((-48)/28)/((-6)/21). Suppose -l*d = -145 - 149. Is d a composite number?
True
Suppose -8490 = -3*n - 3*w, 3*n - 2695 = -4*w + 5792. Is n a prime number?
True
Let z = 26 + -23. Let d be -19 + 15 - 7*-1. Suppose d*b - 17 = -5, -z*b = 2*r - 1370. Is r composite?
True
Let v = 55 + -61. Let l(k) = -10*k**3 + 19*k - 8. Is l(v) prime?
False
Let g be (-16)/(-9) - 2 - (-2440)/45. Is -14*2*(g/(-8) + -5) a composite number?
True
Let b be ((-1)/2)/((-9)/(-216)). Is (2763/b)/(5/(-20)) a prime number?
False
Suppose 3*i - 6*i + 297 = 0. Suppose -i = -3*m + 234. Suppose -m - 90 = -3*n. Is n composite?
False
Let h(y) = y**2 + 25*y + 147. Let d be h(-16). Let m(l) = 42*l - 31*l - 4 + 95*l. Is m(d) a composite number?
True
Suppose 63*q - 1284116 = 8386951. Is q prime?
True
Let k = 16 - 14. Suppose 0*u + 2*c = 2*u - 266, k*u - 248 = -4*c. Let v = u - 35. Is v a prime number?
False
Let k(d) be the third derivative of -d**6/60 - 7*d**5/60 - 7*d**4/24 + 2*d**3/3 - 8*d**2. Let q be k(-9). Let s = -563 + q. Is s composite?
True
Let i be 1/6 + (-454)/(-12). Suppose -4*p = -i - 62. Suppose 2*y - 8 = 0, 5*y + 298 = d + p. Is d a composite number?
False
Suppose -171 = -0*b - b + 3*z, z - 791 = -5*b. Suppose 8*r = 7*r + b. Is r prime?
False
Suppose 1304 = q - 1243. Suppose -5*s = f - q - 529, 0 = s + 2*f - 617. Suppose -v = -4*v + s. Is v composite?
True
Let t = -14727 + 28900. Is t composite?
False
Let a(o) = -o**3 + 6*o**2. Suppose 14 = 3*p - 4. Let z be a(p). Suppose 1766 = -0*w + 4*w - 2*m, z = -2*w + 2*m + 880. Is w a composite number?
False
Let r = 218 - 91. Let p = r - 44. Is p a prime number?
True
Let q be ((-3)/4)/(-1 - (-2455)/2460). Suppose -c - 4*w + 139 